{"id":162,"date":"2019-07-29T13:37:11","date_gmt":"2019-07-29T11:37:11","guid":{"rendered":"http:\/\/www.utc.fr\/~bouchard\/wordpress\/publications"},"modified":"2025-10-16T17:40:29","modified_gmt":"2025-10-16T15:40:29","slug":"publications","status":"publish","type":"page","link":"https:\/\/www.utc.fr\/~bouchard\/wordpress\/publications\/","title":{"rendered":"Publications"},"content":{"rendered":"\n<h1 id=\"toc-0\" class=\"wp-block-heading\">Publications<\/h1>\n\n\n\n<h2 id=\"toc-1\" class=\"wp-block-heading\"><a href=\"http:\/\/www.utc.fr\/~bouchard\/Bibliographie-bouchardon.pdf\"><span class=\"accent-1\">Bibliographie (avec liens) \u00e0 t\u00e9l\u00e9charger<\/span><\/a><\/h2>\n\n\n\n<h2 id=\"toc-2\" class=\"wp-block-heading\"><strong>S\u00e9lection de publications en ligne<\/strong><\/h2>\n\n\n\n<ul class=\"wp-block-list\">\n<li>Bouchardon, S., Cros, I., F\u00fcl\u00f6p, E. &amp; Renaud, S. (2024). \u00ab B\u2c6fBEL R\u00cbVOLU\u314fION: Streams of Biocultural Diversity in a Participatory Narrative \u00bb, in Murray, J. &amp; Reyes, M. C. (eds), Interactive Storytelling, 17th International Conference on Interactive Digital Storytelling (ICIDS 2024, Best Short Paper), 2-6 d\u00e9cembre 2024, Barranquilla, Colombie, Springer Editions, vol.1, 210-223, <a href=\"https:\/\/www.utc.fr\/~bouchard\/articles\/BABEL_ICIDS_2024.pdf\">https:\/\/www.utc.fr\/~bouchard\/articles\/BABEL_ICIDS_2024.pdf<\/a><\/li>\n\n\n\n<li>Bouchardon S., F\u00fcl\u00f6p E. (2022). \u00ab&nbsp;Digital Narrative and Experience of Time \u00bb, <em>Electronic Book Review<\/em>, f\u00e9vrier 2022, <a href=\"https:\/\/electronicbookreview.com\/essay\/digital-narrative-and-experience-of-time\/\">https:\/\/electronicbookreview.com\/essay\/digital-narrative-and-experience-of-time\/<\/a><\/li>\n\n\n\n<li>Bouchardon, S., Meza, N. (2021). \u00ab&nbsp;Translating a work of digital literature into several languages: a case study\u00bb, <em>Hybrid, <\/em><a href=\"https:\/\/hybrid.univ-paris8.fr\/lodel\/index.php?id=1491\">https:\/\/hybrid.univ-paris8.fr\/lodel\/index.php?id=1491<\/a><\/li>\n\n\n\n<li>Brunel, M., Bouchardon S. (2020). \u00ab&nbsp;Enseignement de la litt\u00e9rature num\u00e9rique dans le secondaire fran\u00e7ais&nbsp;: une \u00e9tude exploratoire \u00bb, <em>R2LMM (Revue de recherches&nbsp;en&nbsp;litt\u00e9ratie m\u00e9diatique multimodale)<\/em>, vol.11, sept. 2020, <a href=\"https:\/\/litmedmod.ca\/sites\/default\/files\/pdf\/r2-lmm_vol11_brunel.pdf\">https:\/\/litmedmod.ca\/sites\/default\/files\/pdf\/r2-lmm_vol11_brunel.pdf<\/a><\/li>\n\n\n\n<li>Bouchardon, S., Petit, V. (2019). \u00ab&nbsp;Digital writing: philosophical and pedagogical issues \u00bb, <em>Electronic Book Review<\/em>, octobre 2019, <a href=\"http:\/\/electronicbookreview.com\/essay\/digital-writing-philosophical-and-pedagogical-issues\/\">http:\/\/electronicbookreview.com\/essay\/digital-writing-philosophical-and-pedagogical-issues\/<\/a><\/li>\n\n\n\n<li>Bouchardon, S., Brunel, M. (2019). \u00ab Exploring Didactic and Literary Approaches to the Introduction of Digital Literature in French High Schools \u00bb, <em>Journal of Comparative Literature and Aesthetics<\/em>, volume 42, n\u00b04, 49-62, <a href=\"http:\/\/jcla.in\/wp-content\/uploads\/2020\/10\/JCLA-42.4_E-Lit_Serge-Bouchardon.pdf\">http:\/\/jcla.in\/wp-content\/uploads\/2020\/10\/JCLA-42.4_E-Lit_Serge-Bouchardon.pdf<\/a><\/li>\n\n\n\n<li>Bouchardon, S. (2019). \u00ab&nbsp;Mind the gap! 10 gaps for digital literature? \u00bb, <em>Electronic Book Review<\/em>, mai 2019, <a href=\"http:\/\/electronicbookreview.com\/essay\/mind-the-gap-10-gaps-for-digital-literature\/\">http:\/\/electronicbookreview.com\/essay\/mind-the-gap-10-gaps-for-digital-literature\/<\/a><\/li>\n\n\n\n<li>Bouchardon, S. (2019), \u00ab&nbsp;Litt\u00e9rature num\u00e9rique&nbsp;: dix marches \u00e0 franchir ? \u00bb, <em>KOMODO 21, <\/em>revue en ligne du RIRRA 21, Universit\u00e9 de Montpellier, d\u00e9cembre 2019, ISSN : 2608-6115, <a href=\"http:\/\/komodo21.fr\/litterature-numerique-dix-marches-a-franchir\/\" target=\"_blank\" rel=\"noopener\">http:\/\/komodo21.fr\/litterature-numerique-dix-marches-a-franchir\/<\/a><\/li>\n\n\n\n<li>Bouchardon, S. (2018). \u00ab Towards Gestural Specificity in Digital Literature&nbsp;\u00bb, <em>Electronic Book Review<\/em>, d\u00e9cembre 2018, <a href=\"http:\/\/electronicbookreview.com\/essay\/towards-gestural-specificity-in-digital-literature\/\" target=\"_blank\" rel=\"noopener\">http:\/\/electronicbookreview.com\/essay\/towards-gestural-specificity-in-digital-literature\/<\/a><\/li>\n\n\n\n<li>Cailleau, I., Bouchardon, S., Crozat, S. (2018). \u00ab&nbsp;Un MOOC pour agir et comprendre en milieu num\u00e9rique&nbsp;\u00bb. <em>Revue de la soci\u00e9t\u00e9 fran\u00e7aise des sciences de l\u2019information et de la communication<\/em>, n\u00b012 \/ 2018, <a href=\"http:\/\/journals.openedition.org\/rfsic\/3377\" target=\"_blank\" rel=\"noopener\">http:\/\/journals.openedition.org\/rfsic\/3377<\/a><\/li>\n\n\n\n<li>Petit, V., Bouchardon, S. (2017). \u00ab&nbsp;L\u2019\u00e9criture num\u00e9rique ou l\u2019\u00e9criture selon les machines. Enjeux philosophiques et p\u00e9dagogiques&nbsp;\u00bb, <em>Communication &amp; Langages<\/em>, n\u00b0191, mars 2017, 129-148, <a href=\"https:\/\/hal.utc.fr\/hal-01960029\" target=\"_blank\" rel=\"noopener\">https:\/\/hal.utc.fr\/hal-01960029<\/a><\/li>\n\n\n\n<li>Mayer, A., Bouchardon, S. (2017). \u00ab&nbsp;Le sujet num\u00e9rique : d\u2019une identit\u00e9 narrative \u00e0 une identit\u00e9 po\u00e9tique ?&nbsp;\u00bb, <em>RIHM<\/em> (<em>Revue des Interactions Humaines M\u00e9diatis\u00e9es<\/em>), vol. 18, n\u00b01, 71-94, <a href=\"http:\/\/europia.org\/RIHM\/V18N1.htm\" target=\"_blank\" rel=\"noopener\">http:\/\/europia.org\/RIHM\/V18N1.htm<\/a><\/li>\n\n\n\n<li>Bouchardon, S. (2016). \u00ab&nbsp;Towards a tension-based definition of Digital Literature&nbsp;\u00bb, <em>Journal of Creative Writing Studies<\/em>, Vol. 2: Issue 1, ISSN 2474-2937, <a href=\"http:\/\/scholarworks.rit.edu\/jcws\/vol2\/iss1\/6\" target=\"_blank\" rel=\"noopener\">http:\/\/scholarworks.rit.edu\/jcws\/vol2\/iss1\/6<\/a><\/li>\n\n\n\n<li>Bouchardon, S., Caubel, H., Fourny, P. (2016). \u00ab&nbsp;Les \u00e9crans mobiles et tactiles: des lieux de spectacle vivant? Le cas de la Po\u00e9sie \u00e0 2 mi-mots&nbsp;\u00bb, <em>Cahiers virtuels du NT2<\/em>, f\u00e9vrier 2016, <a href=\"https:\/\/www.utc.fr\/~bouchard\/articles\/Bouchardon-Caubel-Fourny-Cahiers-NT2-2016.pdf\" target=\"_blank\" rel=\"noopener\">https:\/\/www.utc.fr\/~bouchard\/articles\/Bouchardon-Caubel-Fourny-Cahiers-NT2-2016.pdf<\/a><\/li>\n\n\n\n<li>Bouchardon, S., Bardiot, C., Caubel, H. (2015). \u00ab&nbsp;Recherche, ing\u00e9nierie, cr\u00e9ation artistique&nbsp;: processus, prototypes, productions&nbsp;\u00bb, <em>Herm\u00e8s<\/em>, 2015\/2 (n\u00b072), 187-197, <a href=\"https:\/\/hal.utc.fr\/halshs-01528390\" target=\"_blank\" rel=\"noopener\">https:\/\/hal.utc.fr\/halshs-01528390<\/a><\/li>\n\n\n\n<li>Bouchardon, S., Bachimont, B. (2013).&nbsp;\u00ab&nbsp;Preservation of digital literature: from stored memory to reinvented memory&nbsp;\u00bb, <em>Cibertextualidades N\u00b05<\/em>, 184-202, <a href=\"http:\/\/cibertextualidades.ufp.edu.pt\/numero-5-2013\/electronic-publishing-models-for-experimental-literature\" target=\"_blank\" rel=\"noopener\">http:\/\/cibertextualidades.ufp.edu.pt\/numero-5-2013\/electronic-publishing-models-for-experimental-literature<\/a><\/li>\n\n\n\n<li>Bouchardon, S. (2012), \u00ab\u00a0La valeur heuristique de la litt\u00e9rature num\u00e9rique\u00a0\u00bb, <em>Habilitation \u00e0 diriger des recherches<\/em>, soutenue en d\u00e9cembre 2012 \u00e0 l&rsquo;Universti\u00e9 de technlogie de Compi\u00e8gne, <a href=\"http:\/\/www.costech.utc.fr\/CahiersCOSTECH\/IMG\/pdf\/bouchardon-hdr.pdf\">http:\/\/www.costech.utc.fr\/CahiersCOSTECH\/IMG\/pdf\/bouchardon-hdr.pdf<\/a><\/li>\n\n\n\n<li>Bouchardon, S. (2012). \u00ab Digital Literature in France \u00bb, <em>Dichtung Digital<\/em>. N\u00b041, ISSN 1617-6901, <a href=\"http:\/\/www.dichtung-digital.de\/en\/journal\/archiv\/?postID=233\" target=\"_blank\" rel=\"noopener\">http:\/\/www.dichtung-digital.de\/en\/journal\/archiv\/?postID=233<\/a><\/li>\n\n\n\n<li>Bouchardon, S., Heckman, D. (2012). \u00ab Digital Manipulability and Digital Literature&nbsp;\u00bb, <em>Electronic Book Review<\/em>, ISSN 1553 1139, ao\u00fbt 2012, <a href=\"http:\/\/www.electronicbookreview.com\/thread\/electropoetics\/heuristic\" target=\"_blank\" rel=\"noopener\">http:\/\/www.electronicbookreview.com\/thread\/electropoetics\/heuristic<\/a><\/li>\n\n\n\n<li>Bouchardon, S., Cailleau, I&nbsp;., Crozat, S., Bachimont, B., Hulin, T. (2011).&nbsp;\u00ab Explorer les possibles de l\u2019\u00e9criture multim\u00e9dia&nbsp;\u00bb, Paquiens\u00e9guy Fran\u00e7oise (coord.), \u00ab\u00a0Le(s) multi-m\u00e9dia(s)\u00a0\u00bb, <em>Les Enjeux de l&rsquo;Information et de la Communication<\/em>, Dossier 2011, mis en ligne le 16 d\u00e9cembre 2011, <a href=\"http:\/\/w3.u-grenoble3.fr\/les_enjeux\/2011-dossier\/Bouchardon-Cailleau-Crozat-Bachimont-Hulin\/index.html\" target=\"_blank\" rel=\"noopener\">http:\/\/w3.u-grenoble3.fr\/les_enjeux\/2011-dossier\/Bouchardon-Cailleau-Crozat-Bachimont-Hulin\/index.html<\/a><\/li>\n\n\n\n<li>Bouchardon, S., Lopez-Varela Azcarate, A. (2011). \u00ab&nbsp;Making Sense of the Digital as Embodied Experience\u00bb, <em>CLCWeb: Comparative Literature and Culture<\/em>. Vol.13 n\u00b03, septembre 2011. ISSN 1481-4374, <a href=\"https:\/\/docs.lib.purdue.edu\/clcweb\/vol13\/iss3\/7\/\" target=\"_blank\" rel=\"noopener\">https:\/\/docs.lib.purdue.edu\/clcweb\/vol13\/iss3\/7\/<\/a><\/li>\n\n\n\n<li>Crozat, S., Bachimont, B., Cailleau, I., Bouchardon, S., Gaillard, L. (2011). \u00ab&nbsp;\u00c9l\u00e9ments pour une th\u00e9orie op\u00e9rationnelle de l&rsquo;\u00e9criture num\u00e9rique&nbsp;\u00bb, <em>Document num\u00e9rique<\/em>, vol. 14\/3-2011, Paris&nbsp;: Herm\u00e8s Lavoisier, 9-33, <a href=\"https:\/\/www.cairn.info\/revue-document-numerique-2011-3-page-9.htm\" target=\"_blank\" rel=\"noopener\">https:\/\/www.cairn.info\/revue-document-numerique-2011-3-page-9.htm<\/a><\/li>\n\n\n\n<li>Bouchardon, S. (2011).&nbsp;\u00ab&nbsp;Des figures de manipulation dans la cr\u00e9ation num\u00e9rique \u00bb, <em>Prot\u00e9e<\/em> vol. 39 N\u00b01, Chicoutimi&nbsp;: Universit\u00e9 du Qu\u00e9bec \u00e0 Chicoutimi, 37-46, <a href=\"https:\/\/www.erudit.org\/fr\/revues\/pr\/2011-v39-n1-pr5004899\/1006725ar\/\" target=\"_blank\" rel=\"noopener\">https:\/\/www.erudit.org\/fr\/revues\/pr\/2011-v39-n1-pr5004899\/1006725ar\/<\/a><\/li>\n<\/ul>\n\n\n\n<div class=\"wp-block-columns is-layout-flex wp-container-core-columns-is-layout-28f84493 wp-block-columns-is-layout-flex\">\n<div class=\"wp-block-column is-layout-flow wp-block-column-is-layout-flow\">\n<h3 id=\"toc-3\" class=\"wp-block-heading has-text-align-center\"><a href=\"http:\/\/www.utc.fr\/~bouchard\/Bibliographie-bouchardon.pdf\"><span class=\"accent-1\">Bibliographie<\/span><\/a><\/h3>\n<\/div>\n\n\n\n<div class=\"wp-block-column is-layout-flow wp-block-column-is-layout-flow\">\n<h3 id=\"toc-4\" class=\"wp-block-heading has-text-align-center\"><a href=\"https:\/\/ucompiegne.academia.edu\/SergeBouchardon\/\"><span class=\"accent-1\">Academia.edu<\/span><\/a><\/h3>\n<\/div>\n\n\n\n<div class=\"wp-block-column is-layout-flow wp-block-column-is-layout-flow\">\n<h3 id=\"toc-5\" class=\"wp-block-heading has-text-align-center\"><a href=\"https:\/\/www.researchgate.net\/profile\/Serge_Bouchardon2\"><span class=\"accent-1\">ResearchGate<\/span><\/a><\/h3>\n<\/div>\n<\/div>\n\n\n\n<h2 id=\"toc-6\" class=\"wp-block-heading has-text-align-center\" style=\"margin-top:var(--wp--preset--spacing--utc-l);margin-bottom:var(--wp--preset--spacing--utc-l)\">Ouvrages<\/h2>\n\n\n\n<div class=\"wp-block-group is-layout-grid wp-container-core-group-is-layout-478b6e6b wp-block-group-is-layout-grid\">\n<div class=\"wp-block-group is-layout-constrained wp-block-group-is-layout-constrained\">\n<figure class=\"wp-block-image aligncenter\"><a href=\"https:\/\/www.editions-hermann.fr\/livre\/9782705688028\" target=\"_blank\" rel=\"noopener\"><img loading=\"lazy\" decoding=\"async\" width=\"208\" height=\"300\" src=\"http:\/\/www.utc.fr\/~bouchard\/wordpress\/wp-content\/uploads\/2019\/08\/la-valeur-heuristique-de-la-litterature-numerique-208x300.png\" alt=\"La valeur heuristique\" class=\"wp-image-270\" srcset=\"https:\/\/www.utc.fr\/~bouchard\/wordpress\/wp-content\/uploads\/2019\/08\/la-valeur-heuristique-de-la-litterature-numerique-208x300.png 208w, https:\/\/www.utc.fr\/~bouchard\/wordpress\/wp-content\/uploads\/2019\/08\/la-valeur-heuristique-de-la-litterature-numerique-400x577.png 400w, https:\/\/www.utc.fr\/~bouchard\/wordpress\/wp-content\/uploads\/2019\/08\/la-valeur-heuristique-de-la-litterature-numerique-292x421.png 292w, https:\/\/www.utc.fr\/~bouchard\/wordpress\/wp-content\/uploads\/2019\/08\/la-valeur-heuristique-de-la-litterature-numerique.png 416w\" sizes=\"auto, (max-width: 208px) 100vw, 208px\" \/><\/a><\/figure>\n\n\n\n<h4 id=\"toc-7\" class=\"wp-block-heading has-text-align-center\"><a href=\"https:\/\/www.editions-hermann.fr\/livre\/9782705688028\" target=\"_blank\" rel=\"noopener\"><span class=\"title\">La valeur heuristique de la litt\u00e9rature num\u00e9rique<\/span><\/a><\/h4>\n\n\n\n<p class=\"has-text-align-center\">Hermann, collection \u00ab&nbsp;Cultures num\u00e9riques&nbsp;\u00bb, Paris,&nbsp;janvier 2014.<\/p>\n<\/div>\n\n\n\n<div class=\"wp-block-group is-layout-constrained wp-block-group-is-layout-constrained\">\n<figure class=\"wp-block-image aligncenter\"><a href=\"https:\/\/editions.lavoisier.fr\/informatique\/litterature-numerique-le-recit-interactif\/bouchardon\/hermes-science-publications\/ingenierie-representationnelle-et-constructions-de-sens\/livre\/9782746225114\" target=\"_blank\" rel=\"noopener\"><img loading=\"lazy\" decoding=\"async\" width=\"202\" height=\"300\" src=\"http:\/\/www.utc.fr\/~bouchard\/wordpress\/wp-content\/uploads\/2019\/07\/litterature_numerique-202x300.jpg\" alt=\"Livre de Serge Bouchardon litterature numerique lavoisier\" class=\"wp-image-554\" srcset=\"https:\/\/www.utc.fr\/~bouchard\/wordpress\/wp-content\/uploads\/2019\/07\/litterature_numerique-202x300.jpg 202w, https:\/\/www.utc.fr\/~bouchard\/wordpress\/wp-content\/uploads\/2019\/07\/litterature_numerique.jpg 240w\" sizes=\"auto, (max-width: 202px) 100vw, 202px\" \/><\/a><\/figure>\n\n\n\n<h4 id=\"toc-8\" class=\"wp-block-heading has-text-align-center\"><a href=\"https:\/\/editions.lavoisier.fr\/informatique\/litterature-numerique-le-recit-interactif\/bouchardon\/hermes-science-publications\/ingenierie-representationnelle-et-constructions-de-sens\/livre\/9782746225114\" target=\"_blank\" rel=\"noopener\">Litt\u00e9rature num\u00e9rique : le r\u00e9cit interactif<\/a><\/h4>\n\n\n\n<p class=\"has-text-align-center\">Herm\u00e8s Lavoisier, d\u00e9cembre 2009<\/p>\n<\/div>\n\n\n\n<div class=\"wp-block-group is-layout-constrained wp-block-group-is-layout-constrained\">\n<figure class=\"wp-block-image aligncenter\"><a href=\"https:\/\/books.openedition.org\/bibpompidou\/214\" target=\"_blank\" rel=\"noopener\"><img loading=\"lazy\" decoding=\"async\" width=\"217\" height=\"300\" src=\"http:\/\/www.utc.fr\/~bouchard\/wordpress\/wp-content\/uploads\/2019\/07\/9782842461591-475x500-1-217x300.jpg\" alt=\"\" class=\"wp-image-160\" srcset=\"https:\/\/www.utc.fr\/~bouchard\/wordpress\/wp-content\/uploads\/2019\/07\/9782842461591-475x500-1-217x300.jpg 217w, https:\/\/www.utc.fr\/~bouchard\/wordpress\/wp-content\/uploads\/2019\/07\/9782842461591-475x500-1-360x499.jpg 360w, https:\/\/www.utc.fr\/~bouchard\/wordpress\/wp-content\/uploads\/2019\/07\/9782842461591-475x500-1-262x363.jpg 262w, https:\/\/www.utc.fr\/~bouchard\/wordpress\/wp-content\/uploads\/2019\/07\/9782842461591-475x500-1.jpg 361w\" sizes=\"auto, (max-width: 217px) 100vw, 217px\" \/><\/a><\/figure>\n\n\n\n<h4 id=\"toc-9\" class=\"wp-block-heading has-text-align-center mceTemp\"><a href=\"https:\/\/books.openedition.org\/bibpompidou\/214\" target=\"_blank\" rel=\"noopener\">Un laboratoire de litt\u00e9ratures \u2013 Litt\u00e9rature num\u00e9rique et Internet<\/a><\/h4>\n\n\n\n<p class=\"has-text-align-center\">Bouchardon S. (dir.), &nbsp;Broudoux E., Deseilligny O. et Ghitalla F.<\/p>\n\n\n\n<p class=\"has-text-align-center\">Biblioth\u00e8que Publique d\u2019Information, \u00c9ditions du Centre Georges Pompidou, mars 2007.<\/p>\n<\/div>\n\n\n\n<div class=\"wp-block-group is-layout-constrained wp-block-group-is-layout-constrained\">\n<figure class=\"wp-block-image aligncenter size-full\"><a href=\"http:\/\/www.utc.fr\/~bouchard\/formules\/index.html\" target=\"_blank\" rel=\"noopener\"><img loading=\"lazy\" decoding=\"async\" width=\"142\" height=\"211\" src=\"https:\/\/www.utc.fr\/~bouchard\/wordpress\/wp-content\/uploads\/2019\/07\/litterature_numerique-1.jpg\" alt=\"\" class=\"wp-image-565\" style=\"object-fit:cover\"\/><\/a><\/figure>\n\n\n\n<h4 id=\"toc-10\" class=\"wp-block-heading has-text-align-center\"><a href=\"http:\/\/www.utc.fr\/~bouchard\/formules\/index.html\" target=\"_blank\" rel=\"noopener\">Litt\u00e9rature num\u00e9rique <\/a><\/h4>\n\n\n\n<p class=\"has-text-align-center\">direction du dossier de la revue&nbsp;<em><strong>Formules n\u00b010<\/strong><\/em>, NOESIS &#8211; Agn\u00e8s Vienot \u00e9diteur, Paris, juin 2006.&nbsp;<a href=\"http:\/\/www.utc.fr\/~bouchard\/formules\/index.html\" target=\"_blank\" rel=\"noopener\"><br><\/a><a style=\"text-decoration: underline;\" href=\"http:\/\/www.formules.net\/\" target=\"_blank\" rel=\"noopener\">Le site de la revue&nbsp;<em>Formules<\/em>&nbsp;: revue des litt\u00e9ratures \u00e0 contraintes<\/a><\/p>\n<\/div>\n<\/div>\n","protected":false},"excerpt":{"rendered":"<p>Publications Bibliographie (avec liens) \u00e0 t\u00e9l\u00e9charger S\u00e9lection de publications en ligne Bibliographie Academia.edu ResearchGate Ouvrages La valeur heuristique de la litt\u00e9rature num\u00e9rique Hermann, collection \u00ab&nbsp;Cultures num\u00e9riques&nbsp;\u00bb, Paris,&nbsp;janvier 2014. Litt\u00e9rature num\u00e9rique : le r\u00e9cit interactif Herm\u00e8s Lavoisier, d\u00e9cembre 2009 Un laboratoire de litt\u00e9ratures \u2013 Litt\u00e9rature num\u00e9rique et Internet Bouchardon S. (dir.), &nbsp;Broudoux E., Deseilligny O. et [&hellip;]<\/p>\n","protected":false},"author":1,"featured_media":0,"parent":0,"menu_order":0,"comment_status":"closed","ping_status":"closed","template":"","meta":{"footnotes":""},"class_list":["post-162","page","type-page","status-publish","hentry"],"_links":{"self":[{"href":"https:\/\/www.utc.fr\/~bouchard\/wordpress\/wp-json\/wp\/v2\/pages\/162","targetHints":{"allow":["GET"]}}],"collection":[{"href":"https:\/\/www.utc.fr\/~bouchard\/wordpress\/wp-json\/wp\/v2\/pages"}],"about":[{"href":"https:\/\/www.utc.fr\/~bouchard\/wordpress\/wp-json\/wp\/v2\/types\/page"}],"author":[{"embeddable":true,"href":"https:\/\/www.utc.fr\/~bouchard\/wordpress\/wp-json\/wp\/v2\/users\/1"}],"replies":[{"embeddable":true,"href":"https:\/\/www.utc.fr\/~bouchard\/wordpress\/wp-json\/wp\/v2\/comments?post=162"}],"version-history":[{"count":91,"href":"https:\/\/www.utc.fr\/~bouchard\/wordpress\/wp-json\/wp\/v2\/pages\/162\/revisions"}],"predecessor-version":[{"id":1103,"href":"https:\/\/www.utc.fr\/~bouchard\/wordpress\/wp-json\/wp\/v2\/pages\/162\/revisions\/1103"}],"wp:attachment":[{"href":"https:\/\/www.utc.fr\/~bouchard\/wordpress\/wp-json\/wp\/v2\/media?parent=162"}],"curies":[{"name":"wp","href":"https:\/\/api.w.org\/{rel}","templated":true}]}}