{"id":345,"date":"2019-08-15T00:16:26","date_gmt":"2019-08-14T22:16:26","guid":{"rendered":"http:\/\/www.utc.fr\/~bouchard\/wordpress\/?page_id=345"},"modified":"2026-01-21T12:05:57","modified_gmt":"2026-01-21T11:05:57","slug":"recherche","status":"publish","type":"page","link":"https:\/\/www.utc.fr\/~bouchard\/wordpress\/recherche\/","title":{"rendered":"Recherche"},"content":{"rendered":"\n<h2 id=\"toc-0\" class=\"wp-block-heading has-text-align-center\" style=\"margin-top:var(--wp--preset--spacing--utc-l);margin-bottom:var(--wp--preset--spacing--utc-l)\">Equipes de recherche<\/h2>\n\n\n\n<ul class=\"wp-block-list\">\n<li>Membre depuis 2002 du laboratoire&nbsp;<a href=\"https:\/\/www.utc.fr\/costech\" target=\"_blank\" rel=\"noreferrer noopener\">COSTECH<\/a>&nbsp;de l\u2019<a href=\"https:\/\/www.utc.fr\/\" target=\"_blank\" rel=\"noreferrer noopener\">UTC<\/a>, \u00e9quipe EPIN (Ecritures, pratiques et interactions num\u00e9riques)<\/li>\n\n\n\n<li>Membre associ\u00e9 depuis 2002 du laboratoire&nbsp;<a href=\"https:\/\/web.archive.org\/web\/20250118163314\/https:\/\/www.univ-paris8.fr\/UR-Laboratoire-Paragraphe\" target=\"_blank\" rel=\"noreferrer noopener\">Paragraphe<\/a> (Paris 8)<\/li>\n<\/ul>\n\n\n\n<h2 id=\"toc-1\" class=\"wp-block-heading has-text-align-center\" style=\"margin-top:var(--wp--preset--spacing--utc-l);margin-bottom:var(--wp--preset--spacing--utc-l)\">Champ de recherche : les \u00e9critures num\u00e9riques<\/h2>\n\n\n\n<ul class=\"wp-block-list\">\n<li>le r\u00e9cit interactif, r\u00e9cit et support num\u00e9rique<\/li>\n\n\n\n<li>le champ de la cr\u00e9ation num\u00e9rique (litt\u00e9rature num\u00e9rique, arts num\u00e9riques)<\/li>\n\n\n\n<li>rh\u00e9torique et esth\u00e9tique de l\u2019\u00e9criture interactive et multim\u00e9dia<\/li>\n<\/ul>\n\n\n\n<h2 id=\"toc-2\" class=\"wp-block-heading has-text-align-center\">Projets en cours<\/h2>\n\n\n\n<ul class=\"wp-block-list\">\n<li><strong><a href=\"https:\/\/its-story.hds.utc.fr\/\">ITS-STORY<\/a><\/strong> (ANR France)<\/li>\n\n\n\n<li><strong>Intelligence artificielle et pratiques narratives<\/strong> (CRSH Canada)<\/li>\n<\/ul>\n\n\n\n<h2 id=\"toc-3\" class=\"wp-block-heading has-text-align-center\" style=\"margin-top:var(--wp--preset--spacing--utc-l);margin-bottom:var(--wp--preset--spacing--utc-l)\">Quelques projets termin\u00e9s<\/h2>\n\n\n\n<div class=\"wp-block-columns is-layout-flex wp-container-core-columns-is-layout-28f84493 wp-block-columns-is-layout-flex\">\n<div class=\"wp-block-column is-layout-flow wp-block-column-is-layout-flow\">\n<h3 id=\"toc-4\" class=\"wp-block-heading has-text-align-center\">TransNum<\/h3>\n\n\n\n<p class=\"has-text-align-center\"><a href=\"https:\/\/transnum.pre.utc.fr\/\" target=\"_blank\" rel=\"noreferrer noopener\">Les transformations du\/par le num\u00e9rique<\/a><\/p>\n<\/div>\n\n\n\n<div class=\"wp-block-column is-layout-flow wp-block-column-is-layout-flow\">\n<h3 id=\"toc-5\" class=\"wp-block-heading has-text-align-center\">PRECIP<\/h3>\n\n\n\n<p class=\"has-text-align-center\"><a href=\"https:\/\/hal.utc.fr\/hal-01960029\" target=\"_blank\" rel=\"noreferrer noopener\">L\u2019enseignement des \u00e9critures num\u00e9riques<\/a><\/p>\n<\/div>\n\n\n\n<div class=\"wp-block-column is-layout-flow wp-block-column-is-layout-flow\">\n<h3 id=\"toc-6\" class=\"wp-block-heading has-text-align-center\">LA SEPARATION<\/h3>\n\n\n\n<p class=\"has-text-align-center\"><a href=\"https:\/\/webtv.utc.fr\/video\/5466-la-separation\/\" target=\"_blank\" rel=\"noreferrer noopener\">Projet de recherche-cr\u00e9ation<\/a><\/p>\n<\/div>\n<\/div>\n\n\n\n<p><\/p>\n","protected":false},"excerpt":{"rendered":"<p>Equipes de recherche Champ de recherche : les \u00e9critures num\u00e9riques Projets en cours Quelques projets termin\u00e9s TransNum Les transformations du\/par le num\u00e9rique PRECIP L\u2019enseignement des \u00e9critures num\u00e9riques LA SEPARATION Projet de recherche-cr\u00e9ation<\/p>\n","protected":false},"author":1,"featured_media":0,"parent":0,"menu_order":0,"comment_status":"closed","ping_status":"closed","template":"","meta":{"footnotes":""},"class_list":["post-345","page","type-page","status-publish","hentry"],"_links":{"self":[{"href":"https:\/\/www.utc.fr\/~bouchard\/wordpress\/wp-json\/wp\/v2\/pages\/345","targetHints":{"allow":["GET"]}}],"collection":[{"href":"https:\/\/www.utc.fr\/~bouchard\/wordpress\/wp-json\/wp\/v2\/pages"}],"about":[{"href":"https:\/\/www.utc.fr\/~bouchard\/wordpress\/wp-json\/wp\/v2\/types\/page"}],"author":[{"embeddable":true,"href":"https:\/\/www.utc.fr\/~bouchard\/wordpress\/wp-json\/wp\/v2\/users\/1"}],"replies":[{"embeddable":true,"href":"https:\/\/www.utc.fr\/~bouchard\/wordpress\/wp-json\/wp\/v2\/comments?post=345"}],"version-history":[{"count":45,"href":"https:\/\/www.utc.fr\/~bouchard\/wordpress\/wp-json\/wp\/v2\/pages\/345\/revisions"}],"predecessor-version":[{"id":1127,"href":"https:\/\/www.utc.fr\/~bouchard\/wordpress\/wp-json\/wp\/v2\/pages\/345\/revisions\/1127"}],"wp:attachment":[{"href":"https:\/\/www.utc.fr\/~bouchard\/wordpress\/wp-json\/wp\/v2\/media?parent=345"}],"curies":[{"name":"wp","href":"https:\/\/api.w.org\/{rel}","templated":true}]}}